s the highest common divisor of 970 and 10?
10
Calculate the highest common divisor of 30258 and 246.
246
Calculate the greatest common factor of 127 and 10287.
127
What is the highest common divisor of 13 and 1469?
13
What is the highest common factor of 6755 and 14?
7
Calculate the highest common divisor of 660 and 5060.
220
What is the highest common factor of 1230 and 3280?
410
What is the greatest common factor of 1652 and 70?
14
What is the highest common divisor of 708 and 12?
12
Calculate the highest common divisor of 207 and 345.
69
Calculate the greatest common divisor of 361 and 57.
19
What is the highest common divisor of 1552 and 16?
16
What is the greatest common divisor of 90 and 594?
18
Calculate the greatest common divisor of 23 and 736.
23
Calculate the greatest common divisor of 9 and 156.
3
Calculate the highest common factor of 2 and 3506.
2
What is the highest common factor of 1590 and 45?
15
Calculate the highest common divisor of 112 and 464.
16
Calculate the highest common divisor of 245 and 16415.
245
What is the highest common factor of 152 and 304?
152
Calculate the greatest common divisor of 495 and 7095.
165
Calculate the greatest common factor of 216 and 3.
3
Calculate the highest common factor of 2312 and 1224.
136
What is the highest common factor of 9373 and 91?
91
Calculate the greatest common factor of 1180 and 20.
20
Calculate the highest common factor of 224 and 64736.
224
Calculate the highest common factor of 170 and 255.
85
Calculate the greatest common divisor of 8967 and 244.
61
What is the highest common divisor of 52 and 15?
1
Calculate the greatest common factor of 29 and 4553.
29
What is the highest common divisor of 75 and 45?
15
Calculate the highest common factor of 27 and 3564.
27
Calculate the greatest common divisor of 669 and 4237.
223
Calculate the greatest common factor of 3944 and 29.
29
What is the greatest common factor of 111 and 3?
3
Calculate the highest common factor of 19 and 2831.
19
What is the greatest common factor of 11 and 169?
1
What is the greatest common divisor of 1846 and 104?
26
What is the greatest common divisor of 564 and 12?
12
What is the greatest common divisor of 3 and 4?
1
Calculate the highest common factor of 3920 and 240.
80
What is the highest common factor of 780 and 8?
4
Calculate the highest common factor of 504 and 648.
72
Calculate the highest common divisor of 792 and 231.
33
What is the highest common divisor of 80 and 1420?
20
Calculate the greatest common factor of 150 and 1650.
150
Calculate the highest common divisor of 192 and 624.
48
What is the greatest common factor of 19 and 95?
19
What is the highest common divisor of 62 and 899?
31
What is the greatest common factor of 23 and 7774?
23
What is the greatest common factor of 7199 and 46?
23
Calculate the highest common divisor of 1023 and 66.
33
What is the highest common divisor of 52 and 234?
26
Calculate the greatest common divisor of 55 and 5.
5
Calculate the greatest common divisor of 4 and 2.
2
Calculate the greatest common factor of 105 and 75.
15
What is the greatest common divisor of 22 and 814?
22
What is the highest common factor of 26 and 377?
13
What is the greatest common factor of 284 and 71?
71
What is the greatest common divisor of 51513 and 66?
33
What is the highest common factor of 16 and 164?
4
What is the greatest common divisor of 545 and 10?
5
What is the greatest common divisor of 55 and 11?
11
What is the greatest common divisor of 126 and 117?
9
What is the greatest common factor of 81 and 4635?
9
What is the greatest common divisor of 1125 and 125?
125
What is the greatest common factor of 51 and 25?
1
Calculate the highest common factor of 16 and 508.
4
What is the greatest common factor of 15 and 1905?
15
What is the highest common factor of 30 and 255?
15
What is the highest common factor of 990 and 1650?
330
Calculate the greatest common divisor of 891 and 451.
11
Calculate the greatest common divisor of 145 and 10.
5
Calculate the highest common divisor of 30 and 47250.
30
Calculate the highest common divisor of 40 and 1250.
10
What is the highest common divisor of 29 and 18125?
29
Calculate the greatest common divisor of 57 and 95.
19
Calculate the greatest common factor of 44 and 484.
44
What is the greatest common divisor of 42 and 231?
21
Calculate the greatest common factor of 14 and 2.
2
What is the greatest common factor of 1525 and 61?
61
Calculate the highest common divisor of 414 and 90.
18
Calculate the greatest common divisor of 36 and 12.
12
Calculate the highest common divisor of 3804 and 12.
12
What is the highest common divisor of 11055 and 110?
55
Calculate the highest common divisor of 5290 and 1840.
230
What is the highest common factor of 1 and 43?
1
Calculate the greatest common factor of 108 and 117.
9
Calculate the highest common factor of 59 and 55.
1
What is the highest common factor of 14022 and 76?
38
What is the highest common factor of 3223 and 88?
11
Calculate the greatest common factor of 24 and 56.
8
Calculate the highest common factor of 4 and 9.
1
What is the greatest common factor of 26 and 221?
13
Calculate the highest common divisor of 3337 and 71.
71
What is the greatest common divisor of 5063 and 415?
83
Calculate the greatest common factor of 153 and 3519.
153
What is the greatest common divisor of 2 and 631?
1
Calculate the highest common divisor of 2187 and 81.
81
What is the highest common factor of 26 and 200?
2
Calculate the greatest common factor of 12 and 1664.
4
What is the greatest common factor of 130 and 195?
65
Calculate the highest common factor of 192 and 288.
96
What is the highest common factor of 37 and 23791?
37
Calculate the greatest common factor of 3408 and 16.
16
What is the highest common divisor of 502 and 21837?
251
What is the greatest common divisor of 42010 and 10?
10
Calculate the highest common factor of 517 and 11.
11
What is the highest common factor of 28 and 14?
14
Calculate the highest common divisor of 766 and 39449.
383
Calculate the greatest common factor of 75 and 45.
15
What is the greatest common factor of 1596 and 84?
84
What is the greatest common divisor of 59 and 1711?
59
What is the highest common divisor of 174 and 609?
87
What is the highest common divisor of 204 and 24?
12
Calculate the highest common factor of 100 and 2825.
25
Calculate the highest common factor of 98 and 1106.
14
What is the highest common factor of 880 and 400?
80
Calculate the highest common factor of 1078 and 14.
14
Calculate the highest common divisor of 2 and 7.
1
Calculate the highest common factor of 624 and 39.
39
Calculate the highest common factor of 917 and 131.
131
What is the highest common factor of 5 and 115?
5
Calculate the highest common divisor of 406 and 58.
58
Calculate the highest common factor of 242 and 2024.
22
Calculate the greatest common factor of 567 and 112.
7
What is the highest common factor of 880 and 80?
80
What is the highest common divisor of 55 and 22?
11
What is the greatest common factor of 2850 and 19?
19
Calculate the highest common factor of 100 and 4.
4
What is the greatest common factor of 1192 and 8?
8
What is the highest common factor of 105 and 560?
35
Calculate the highest common divisor of 1958 and 890.
178
What is the highest common divisor of 175 and 119?
7
Calculate the highest common factor of 1309 and 4403.
119
What is the greatest common factor of 24 and 6588?
12
What is the highest common factor of 9246 and 670?
134
What is the highest common divisor of 12 and 3228?
12
What is the greatest common factor of 1278 and 144?
18
What is the greatest common factor of 10460 and 20?
20
Calculate the highest common divisor of 50 and 3200.
50
What is the highest common factor of 16 and 312?
8
Calculate the highest common factor of 384 and 1056.
96
What is the greatest common divisor of 70 and 70?
70
What is the highest common divisor of 377 and 13?
13
What is the greatest common factor of 986 and 442?
34
Calculate the greatest common factor of 2 and 270.
2
Calculate the highest common factor of 320 and 110.
10
What is the highest common divisor of 445 and 623?
89
What is the greatest common divisor of 858 and 198?
66
What is the highest common divisor of 1